{"id":129,"date":"2015-11-27T16:35:10","date_gmt":"2015-11-27T18:35:10","guid":{"rendered":"http:\/\/www.fermec.com.br\/blog\/wp-content\/uploads\/2015\/11\/img-0011.jpg"},"modified":"2015-11-27T16:35:10","modified_gmt":"2015-11-27T18:35:10","slug":"img-001-2","status":"inherit","type":"attachment","link":"https:\/\/www.fermec.com.br\/blog\/retificacao-cilindrica\/img-001-2\/","title":{"rendered":"img-001"},"author":1,"comment_status":"open","ping_status":"closed","template":"","meta":[],"yoast_head":"<!-- This site is optimized with the Yoast SEO plugin v21.4 - https:\/\/yoast.com\/wordpress\/plugins\/seo\/ -->\n<title>img-001 - Fermec - Ferramentas de Usinagem<\/title>\n<meta name=\"robots\" content=\"index, follow, max-snippet:-1, max-image-preview:large, max-video-preview:-1\" \/>\n<link rel=\"canonical\" href=\"https:\/\/www.fermec.com.br\/blog\/wp-content\/uploads\/2015\/11\/img-0011.jpg\" \/>\n<meta property=\"og:locale\" content=\"pt_BR\" \/>\n<meta property=\"og:type\" content=\"article\" \/>\n<meta property=\"og:title\" content=\"img-001 - Fermec - Ferramentas de Usinagem\" \/>\n<meta property=\"og:url\" content=\"https:\/\/www.fermec.com.br\/blog\/wp-content\/uploads\/2015\/11\/img-0011.jpg\" \/>\n<meta property=\"og:site_name\" content=\"Fermec - Ferramentas de Usinagem\" \/>\n<meta property=\"article:publisher\" content=\"https:\/\/www.facebook.com\/fermecoficial\" \/>\n<meta property=\"og:image\" content=\"https:\/\/www.fermec.com.br\/blog\/wp-content\/uploads\/2015\/11\/img-0011.jpg\" \/>\n\t<meta property=\"og:image:width\" content=\"96\" \/>\n\t<meta property=\"og:image:height\" content=\"130\" \/>\n\t<meta property=\"og:image:type\" content=\"image\/jpeg\" \/>\n<script type=\"application\/ld+json\" class=\"yoast-schema-graph\">{\"@context\":\"https:\/\/schema.org\",\"@graph\":[{\"@type\":\"WebPage\",\"@id\":\"https:\/\/www.fermec.com.br\/blog\/wp-content\/uploads\/2015\/11\/img-0011.jpg\",\"url\":\"https:\/\/www.fermec.com.br\/blog\/wp-content\/uploads\/2015\/11\/img-0011.jpg\",\"name\":\"img-001 - Fermec - Ferramentas de Usinagem\",\"isPartOf\":{\"@id\":\"https:\/\/www.fermec.com.br\/blog\/#website\"},\"datePublished\":\"2015-11-27T18:35:10+00:00\",\"dateModified\":\"2015-11-27T18:35:10+00:00\",\"breadcrumb\":{\"@id\":\"https:\/\/www.fermec.com.br\/blog\/wp-content\/uploads\/2015\/11\/img-0011.jpg#breadcrumb\"},\"inLanguage\":\"pt-BR\",\"potentialAction\":[{\"@type\":\"ReadAction\",\"target\":[\"https:\/\/www.fermec.com.br\/blog\/wp-content\/uploads\/2015\/11\/img-0011.jpg\"]}]},{\"@type\":\"BreadcrumbList\",\"@id\":\"https:\/\/www.fermec.com.br\/blog\/wp-content\/uploads\/2015\/11\/img-0011.jpg#breadcrumb\",\"itemListElement\":[{\"@type\":\"ListItem\",\"position\":1,\"name\":\"In\u00edcio\",\"item\":\"https:\/\/www.fermec.com.br\/blog\/\"},{\"@type\":\"ListItem\",\"position\":2,\"name\":\"A retifica\u00e7\u00e3o cil\u00edndrica\",\"item\":\"https:\/\/www.fermec.com.br\/blog\/retificacao-cilindrica\/\"},{\"@type\":\"ListItem\",\"position\":3,\"name\":\"img-001\"}]},{\"@type\":\"WebSite\",\"@id\":\"https:\/\/www.fermec.com.br\/blog\/#website\",\"url\":\"https:\/\/www.fermec.com.br\/blog\/\",\"name\":\"Fermec - Ferramentas de Usinagem\",\"description\":\"Distribuidor de ferramentas de usinagem para todo o Brasil\",\"publisher\":{\"@id\":\"https:\/\/www.fermec.com.br\/blog\/#organization\"},\"potentialAction\":[{\"@type\":\"SearchAction\",\"target\":{\"@type\":\"EntryPoint\",\"urlTemplate\":\"https:\/\/www.fermec.com.br\/blog\/?s={search_term_string}\"},\"query-input\":\"required name=search_term_string\"}],\"inLanguage\":\"pt-BR\"},{\"@type\":\"Organization\",\"@id\":\"https:\/\/www.fermec.com.br\/blog\/#organization\",\"name\":\"Fermec\",\"url\":\"https:\/\/www.fermec.com.br\/blog\/\",\"logo\":{\"@type\":\"ImageObject\",\"inLanguage\":\"pt-BR\",\"@id\":\"https:\/\/www.fermec.com.br\/blog\/#\/schema\/logo\/image\/\",\"url\":\"https:\/\/www.fermec.com.br\/blog\/wp-content\/uploads\/2014\/11\/logo.png\",\"contentUrl\":\"https:\/\/www.fermec.com.br\/blog\/wp-content\/uploads\/2014\/11\/logo.png\",\"width\":335,\"height\":65,\"caption\":\"Fermec\"},\"image\":{\"@id\":\"https:\/\/www.fermec.com.br\/blog\/#\/schema\/logo\/image\/\"},\"sameAs\":[\"https:\/\/www.facebook.com\/fermecoficial\"]}]}<\/script>\n<!-- \/ Yoast SEO plugin. -->","yoast_head_json":{"title":"img-001 - Fermec - Ferramentas de Usinagem","robots":{"index":"index","follow":"follow","max-snippet":"max-snippet:-1","max-image-preview":"max-image-preview:large","max-video-preview":"max-video-preview:-1"},"canonical":"https:\/\/www.fermec.com.br\/blog\/wp-content\/uploads\/2015\/11\/img-0011.jpg","og_locale":"pt_BR","og_type":"article","og_title":"img-001 - Fermec - Ferramentas de Usinagem","og_url":"https:\/\/www.fermec.com.br\/blog\/wp-content\/uploads\/2015\/11\/img-0011.jpg","og_site_name":"Fermec - Ferramentas de Usinagem","article_publisher":"https:\/\/www.facebook.com\/fermecoficial","og_image":[{"width":96,"height":130,"url":"https:\/\/www.fermec.com.br\/blog\/wp-content\/uploads\/2015\/11\/img-0011.jpg","type":"image\/jpeg"}],"schema":{"@context":"https:\/\/schema.org","@graph":[{"@type":"WebPage","@id":"https:\/\/www.fermec.com.br\/blog\/wp-content\/uploads\/2015\/11\/img-0011.jpg","url":"https:\/\/www.fermec.com.br\/blog\/wp-content\/uploads\/2015\/11\/img-0011.jpg","name":"img-001 - Fermec - Ferramentas de Usinagem","isPartOf":{"@id":"https:\/\/www.fermec.com.br\/blog\/#website"},"datePublished":"2015-11-27T18:35:10+00:00","dateModified":"2015-11-27T18:35:10+00:00","breadcrumb":{"@id":"https:\/\/www.fermec.com.br\/blog\/wp-content\/uploads\/2015\/11\/img-0011.jpg#breadcrumb"},"inLanguage":"pt-BR","potentialAction":[{"@type":"ReadAction","target":["https:\/\/www.fermec.com.br\/blog\/wp-content\/uploads\/2015\/11\/img-0011.jpg"]}]},{"@type":"BreadcrumbList","@id":"https:\/\/www.fermec.com.br\/blog\/wp-content\/uploads\/2015\/11\/img-0011.jpg#breadcrumb","itemListElement":[{"@type":"ListItem","position":1,"name":"In\u00edcio","item":"https:\/\/www.fermec.com.br\/blog\/"},{"@type":"ListItem","position":2,"name":"A retifica\u00e7\u00e3o cil\u00edndrica","item":"https:\/\/www.fermec.com.br\/blog\/retificacao-cilindrica\/"},{"@type":"ListItem","position":3,"name":"img-001"}]},{"@type":"WebSite","@id":"https:\/\/www.fermec.com.br\/blog\/#website","url":"https:\/\/www.fermec.com.br\/blog\/","name":"Fermec - Ferramentas de Usinagem","description":"Distribuidor de ferramentas de usinagem para todo o Brasil","publisher":{"@id":"https:\/\/www.fermec.com.br\/blog\/#organization"},"potentialAction":[{"@type":"SearchAction","target":{"@type":"EntryPoint","urlTemplate":"https:\/\/www.fermec.com.br\/blog\/?s={search_term_string}"},"query-input":"required name=search_term_string"}],"inLanguage":"pt-BR"},{"@type":"Organization","@id":"https:\/\/www.fermec.com.br\/blog\/#organization","name":"Fermec","url":"https:\/\/www.fermec.com.br\/blog\/","logo":{"@type":"ImageObject","inLanguage":"pt-BR","@id":"https:\/\/www.fermec.com.br\/blog\/#\/schema\/logo\/image\/","url":"https:\/\/www.fermec.com.br\/blog\/wp-content\/uploads\/2014\/11\/logo.png","contentUrl":"https:\/\/www.fermec.com.br\/blog\/wp-content\/uploads\/2014\/11\/logo.png","width":335,"height":65,"caption":"Fermec"},"image":{"@id":"https:\/\/www.fermec.com.br\/blog\/#\/schema\/logo\/image\/"},"sameAs":["https:\/\/www.facebook.com\/fermecoficial"]}]}},"description":{"rendered":"<p class=\"attachment\"><a href='https:\/\/www.fermec.com.br\/blog\/wp-content\/uploads\/2015\/11\/img-0011.jpg'><img width=\"96\" height=\"130\" src=\"https:\/\/www.fermec.com.br\/blog\/wp-content\/uploads\/2015\/11\/img-0011.jpg\" class=\"attachment-medium size-medium\" alt=\"\" decoding=\"async\" loading=\"lazy\" \/><\/a><\/p>\n"},"caption":{"rendered":""},"alt_text":"","media_type":"image","mime_type":"image\/jpeg","media_details":{"width":96,"height":130,"file":"2015\/11\/img-0011.jpg","sizes":{},"image_meta":{"aperture":0,"credit":"","camera":"","caption":"","created_timestamp":0,"copyright":"","focal_length":0,"iso":0,"shutter_speed":0,"title":"","orientation":0}},"post":125,"source_url":"https:\/\/www.fermec.com.br\/blog\/wp-content\/uploads\/2015\/11\/img-0011.jpg","_links":{"self":[{"href":"https:\/\/www.fermec.com.br\/blog\/wp-json\/wp\/v2\/media\/129"}],"collection":[{"href":"https:\/\/www.fermec.com.br\/blog\/wp-json\/wp\/v2\/media"}],"about":[{"href":"https:\/\/www.fermec.com.br\/blog\/wp-json\/wp\/v2\/types\/attachment"}],"author":[{"embeddable":true,"href":"https:\/\/www.fermec.com.br\/blog\/wp-json\/wp\/v2\/users\/1"}],"replies":[{"embeddable":true,"href":"https:\/\/www.fermec.com.br\/blog\/wp-json\/wp\/v2\/comments?post=129"}]}}

<!-- This site is optimized with the Yoast SEO plugin v21.4 - https://yoast.com/wordpress/plugins/seo/ -->
<title>img-001 - Fermec - Ferramentas de Usinagem</title>
<meta name="robots" content="index, follow, max-snippet:-1, max-image-preview:large, max-video-preview:-1" />
<link rel="canonical" href="https://www.fermec.com.br/blog/wp-content/uploads/2015/11/img-0011.jpg" />
<meta property="og:locale" content="pt_BR" />
<meta property="og:type" content="article" />
<meta property="og:title" content="img-001 - Fermec - Ferramentas de Usinagem" />
<meta property="og:url" content="https://www.fermec.com.br/blog/wp-content/uploads/2015/11/img-0011.jpg" />
<meta property="og:site_name" content="Fermec - Ferramentas de Usinagem" />
<meta property="article:publisher" content="https://www.facebook.com/fermecoficial" />
<meta property="og:image" content="https://www.fermec.com.br/blog/wp-content/uploads/2015/11/img-0011.jpg" />
	<meta property="og:image:width" content="96" />
	<meta property="og:image:height" content="130" />
	<meta property="og:image:type" content="image/jpeg" />
<script type="application/ld+json" class="yoast-schema-graph">{"@context":"https://schema.org","@graph":[{"@type":"WebPage","@id":"https://www.fermec.com.br/blog/wp-content/uploads/2015/11/img-0011.jpg","url":"https://www.fermec.com.br/blog/wp-content/uploads/2015/11/img-0011.jpg","name":"img-001 - Fermec - Ferramentas de Usinagem","isPartOf":{"@id":"https://www.fermec.com.br/blog/#website"},"datePublished":"2015-11-27T18:35:10+00:00","dateModified":"2015-11-27T18:35:10+00:00","breadcrumb":{"@id":"https://www.fermec.com.br/blog/wp-content/uploads/2015/11/img-0011.jpg#breadcrumb"},"inLanguage":"pt-BR","potentialAction":[{"@type":"ReadAction","target":["https://www.fermec.com.br/blog/wp-content/uploads/2015/11/img-0011.jpg"]}]},{"@type":"BreadcrumbList","@id":"https://www.fermec.com.br/blog/wp-content/uploads/2015/11/img-0011.jpg#breadcrumb","itemListElement":[{"@type":"ListItem","position":1,"name":"Início","item":"https://www.fermec.com.br/blog/"},{"@type":"ListItem","position":2,"name":"A retificação cilíndrica","item":"https://www.fermec.com.br/blog/retificacao-cilindrica/"},{"@type":"ListItem","position":3,"name":"img-001"}]},{"@type":"WebSite","@id":"https://www.fermec.com.br/blog/#website","url":"https://www.fermec.com.br/blog/","name":"Fermec - Ferramentas de Usinagem","description":"Distribuidor de ferramentas de usinagem para todo o Brasil","publisher":{"@id":"https://www.fermec.com.br/blog/#organization"},"potentialAction":[{"@type":"SearchAction","target":{"@type":"EntryPoint","urlTemplate":"https://www.fermec.com.br/blog/?s={search_term_string}"},"query-input":"required name=search_term_string"}],"inLanguage":"pt-BR"},{"@type":"Organization","@id":"https://www.fermec.com.br/blog/#organization","name":"Fermec","url":"https://www.fermec.com.br/blog/","logo":{"@type":"ImageObject","inLanguage":"pt-BR","@id":"https://www.fermec.com.br/blog/#/schema/logo/image/","url":"https://www.fermec.com.br/blog/wp-content/uploads/2014/11/logo.png","contentUrl":"https://www.fermec.com.br/blog/wp-content/uploads/2014/11/logo.png","width":335,"height":65,"caption":"Fermec"},"image":{"@id":"https://www.fermec.com.br/blog/#/schema/logo/image/"},"sameAs":["https://www.facebook.com/fermecoficial"]}]}</script>
<!-- / Yoast SEO plugin. -->

Início

A retificação cilíndrica
